/18 - (-2)/(-9). Suppose -4*t - 2 = r*h, -h - t - 4 = 2*h. What is the remainder when 82/h*(-1)/1 is divided by 11?
8
Calculate the remainder when (-21)/(-14)*1422/27 is divided by 9.
7
Suppose 58 = -5*n - 3*h, n + h = -0*h - 12. Let a = 58 + n. Calculate the remainder when 137 is divided by a.
43
Suppose -6*l + 22 = -86. Suppose -2*p - 276 = -6*p. Calculate the remainder when p is divided by l.
15
Let k(v) = 2*v**3 - 10*v**2 + 13*v - 8. What is the remainder when k(6) is divided by 12?
10
Suppose -5*h + 3 = -4*o + 27, -5*o + h + 30 = 0. Suppose -10*y + o*y + 4 = 0. What is the remainder when 3 is divided by y?
0
Let u = 72 - 70. What is the remainder when -1 - ((-73)/u - 21/(-14)) is divided by 7?
6
What is the remainder when -18*((-44)/36 - -1)*15 is divided by 9?
6
Let x(i) = 3*i**2 + 9*i + 5. Let o be 14/(-5)*6/((-18)/(-15)). Let t = 37 + o. What is the remainder when x(-7) is divided by t?
20
Suppose 2*x = -3*i + 16, 4*x + x - 5*i - 65 = 0. Let h = -8 + x. What is the remainder when 27 is divided by 80/(-12)*h/(-2)?
7
Let h(r) = r + 2. Calculate the remainder when 27 is divided by h(5).
6
Let m = -10 - -15. Suppose m*c - 223 = -w, -3*w + 2*w - 182 = -4*c. Calculate the remainder when c is divided by 16.
13
Suppose 775 = -5*f + 5*b, 3*f + 2*b = 3*b - 463. What is the remainder when 106 is divided by (-4130)/f - (-2)/11?
25
Suppose -3*p - p = -136. What is the remainder when 97/(-3)*(-330)/110 is divided by p?
29
Suppose -141 + 156 = 5*j. Suppose 5*n + 14 = -u, 6*u + j*n = 3*u + 18. Calculate the remainder when 29 is divided by u.
7
Let p(f) = -f**3 + 8*f**2 - 6*f. Let y be p(5). Let w = 46 - y. What is the remainder when w is divided by 1?
0
Let z be 20 + (3 + 0)/1. Let f = -9 + z. What is the remainder when -3 + (2 - 3) + 58 is divided by f?
12
Suppose 0 = -4*p + 2*z + 54, 2*p - 8 = -z + 25. Suppose 11*t + 76 = p*t. What is the remainder when t is divided by 4?
3
Suppose 3*d = -2*d + 2*s + 60, -2*d + 3*s = -35. Let c = 159 + -111. Let q = -30 + c. What is the remainder when q is divided by d?
8
Let v(h) = -2*h**3 - 11*h**2 + 4*h - 1. Suppose -12 = 3*r - r - 5*f, -f = 5*r + 30. Calculate the remainder when 85 is divided by v(r).
8
Let s = 26 - 11. Let h = -154 - -314. Let n = -88 + h. What is the remainder when n is divided by s?
12
Suppose -4*t - 29 = -p, 80 = 2*p + 2*p + 2*t. Suppose 2*n - 5 = -1. Suppose n*l - 180 = -l. What is the remainder when l is divided by p?
18
Let b(g) be the third derivative of g**5/60 - 5*g**4/12 + g**3/3 + 9*g**2. Let i be b(12). Suppose 22 = 4*l - i. What is the remainder when 21 is divided by l?
9
Suppose 3*k + v = 22, 3*k = -4*v + 6 + 1. What is the remainder when 93 is divided by (3/k)/((-3)/(-144))?
13
Let y(x) be the first derivative of -x**4/4 - 3*x**3 + 5*x**2 + 13*x - 9. Let k be (-46)/4 - 27/(-18). Calculate the remainder when y(k) is divided by 5.
3
Suppose 14*y + 72 = 17*y - 2*n, -y + 4*n + 24 = 0. Calculate the remainder when 46 is divided by y.
22
Let f = -3 + 1. Suppose -17 = 4*q - 29. Calculate the remainder when q is divided by 2 - (f + 3 + -1).
1
Let m(b) = -4*b**2 + 3*b**3 + 4 - 2*b**3 + 0*b**3 + 3*b. Suppose 2*t + 3*n - 3 = 0, -5*n - 11 = -2*t - 0*t. Calculate the remainder when 10 is divided by m(t).
2
Suppose -2*q + 19 = 2*q - w, w = -3*q + 9. Suppose -3*x + f = -92, 2*x = -3*x - q*f + 176. Suppose 2 = a - 5. What is the remainder when x is divided by a?
4
Let a = 0 - 133. Let o = a + 67. What is the remainder when (-691)/(-11) - 12/o is divided by 32?
31
Let p = 256 + -93. Let y = p + -149. What is the remainder when 25 is divided by y?
11
Let y = -443 - -481. Let v be (-2)/5 - 660/(-25). Suppose v = -3*w + 5*w. What is the remainder when y is divided by w?
12
Suppose -33 = -2*m + m. Suppose -12 = -0*w - 3*w. Suppose b = w*b - m. Calculate the remainder when 43 is divided by b.
10
Let y = -29 - -50. Calculate the remainder when y is divided by 4 + (-7 + 1 - -4 - -6).
5
Suppose 14 = -2*w + 2. What is the remainder when 103 is divided by (-2)/w - 186/(-9)?
19
Let k(p) = p + 11. Let w be k(-4). Let l(h) = h**3 - 5*h**2 - 9*h + 7. Calculate the remainder when l(w) is divided by 22.
20
Let l(m) = m**3 - 16*m**2 - 19*m + 35. Calculate the remainder when 8 is divided by l(17).
0
Let g = -41 + 42. Let i(z) = 26*z**3 + 3*z**2 - z - 1. What is the remainder when 79 is divided by i(g)?
25
Suppose 19*z - 72*z = -1272. What is the remainder when z is divided by 10?
4
Suppose 3*l = j + 112, -24 = -2*l + l - 3*j. Calculate the remainder when 319 is divided by l.
31
Suppose 3*n + g = 26, -216*g = -4*n - 211*g + 79. Let d = 77 - 25. What is the remainder when d is divided by n?
8
Let i(m) = -m + 116. Calculate the remainder when i(29) is divided by 29.
0
Let p = -278 - -138. Let u = p - -212. Calculate the remainder when u is divided by 19.
15
Suppose -24 - 114 = -3*k. Calculate the remainder when k is divided by (180/54)/((-10)/(-48)).
14
Let b(z) = z**2 - 16*z - 96. Calculate the remainder when 179 is divided by b(22).
35
Suppose -4*i + 92 = -160. What is the remainder when 314 is divided by 2821/i + (-4)/(-18)?
44
Suppose 0 = -7*i + i + 1032. Calculate the remainder when i is divided by 61.
50
Let a = 682 + -678. Let g(u) = -u**2 + 5*u + 1. Suppose l - 8 = -4. What is the remainder when g(l) is divided by a?
1
Let i(d) = d**2 + 6*d - 12. Let y be 10/(-25)*(1 + -31). Suppose 2*b - y = -0*b. What is the remainder when i(-10) is divided by b?
4
Suppose 4*n - 1793 = -4*h + 555, -n = 2*h - 1179. What is the remainder when h is divided by 27?
25
Suppose 490*f - 2284 = 486*f. What is the remainder when f is divided by 142?
3
Suppose 20 = 3*c + 4*n, -4*c = -5*n + 19 + 6. Suppose -14*g - 2 + 1472 = c. Calculate the remainder when g is divided by 27.
24
Suppose 0 = 4*n - 12*n + 1024. Let i = 231 - n. Calculate the remainder when i is divided by 27.
22
Suppose 12 = -l - 17. Let m = 33 + l. Suppose 0 = 4*t + 15 - 67. Calculate the remainder when t is divided by m.
1
Let j(p) = 12*p**2 + 6*p + 2. Let o be j(-4). Suppose -k + o = 4*k. Calculate the remainder when k is divided by 9.
7
Calculate the remainder when (23/(-3))/(7/(-147)) is divided by 44.
29
Calculate the remainder when 11/(-2*1*3/(-66)) is divided by 18.
13
What is the remainder when 640 is divided by (-14)/(-5)*-5*-1?
10
Let l(x) = x - 1. Let g(v) = 5*v - 14. Let u(c) = -g(c) + 4*l(c). Let a be u(9). Let p = a + 85. Calculate the remainder when p is divided by 29.
28
Let t = -779 - -798. Calculate the remainder when 353 is divided by t.
11
Let c(f) = f**3 - 3*f**2 + 10*f + 13. What is the remainder when c(6) is divided by 38?
29
Let r(a) = a**3 - 10*a**2 + 4*a + 14. Suppose 0 = -4*l + 13*l - 135. Calculate the remainder when r(11) is divided by l.
14
Suppose -19090 = -21*a + 4367. What is the remainder when a is divided by 28?
25
Let z be (3 - -2)*1 - (6 - 3). Suppose 4*o - 87 = -5*d, o = z*d + 6*o - 28. What is the remainder when 71 is divided by d?
14
Suppose -22*s = -33*s + 33. Calculate the remainder when 6*2/(6/5) is divided by s.
1
Let r = 61 + -39. What is the remainder when r is divided by 5?
2
Let s be (-15)/(-2)*(-180)/50. Let f = 20 - s. What is the remainder when f is divided by 13?
8
Let y(t) = t**2 + 3*t + 6. Let l be y(-6). Suppose 4*h - 42 = 2*x, h + 0*h + 4*x = l. Let d = 51 - 4. What is the remainder when d is divided by h?
11
Suppose -8*t + 12 = -12*t. What is the remainder when 102 is divided by 23 + (-1)/t*9?
24
Suppose 0 = -2*s + 2 + 2. Let a = -141 + 143. Calculate the remainder when s is divided by a.
0
Suppose -12*k + 182 = -154. What is the remainder when k is divided by 15?
13
Suppose 87*t - 79*t - 72 = 0. Let n(w) = w**3 - 4*w**2 + w + 1. Calculate the remainder when n(5) is divided by t.
4
Let g(d) = -d**3 + 6*d**2 + 10*d - 2. Suppose i = 3*b + 19, 0 = -i + 4*i - b - 25. Calculate the remainder when 47 is divided by g(i).
9
Suppose -5*f + 662 - 101 = -2*c, -4*f + 2*c + 448 = 0. Calculate the remainder when f is divided by 19.
18
Let t be (-1749)/(-22)*4/6*1. Let s = 74 - t. Calculate the remainder when 60 is divided by s.
18
Suppose 3*o - 3*l - 159 = -6*l, 5*l + 29 = o. What is the remainder when o is divided by 10?
9
Suppose 259*l + 9198 = 273*l. What is the remainder when l is divided by 3?
0
Let n(b) = 16*b**3 + 2